{"id":12,"date":"2025-12-01T22:09:25","date_gmt":"2025-12-01T21:09:25","guid":{"rendered":"https:\/\/pouponnerendouceur.fr\/?page_id=12"},"modified":"2025-12-24T09:50:58","modified_gmt":"2025-12-24T08:50:58","slug":"a-propos","status":"publish","type":"page","link":"https:\/\/pouponnerendouceur.fr\/?page_id=12","title":{"rendered":"Qui suis-je ?"},"content":{"rendered":"\n<div class=\"wp-block-cover alignfull is-light\" style=\"margin-top:0;margin-bottom:0;padding-top:0px;padding-bottom:80px;min-height:300px;aspect-ratio:unset;\"><img loading=\"lazy\" decoding=\"async\" width=\"1024\" height=\"683\" class=\"wp-block-cover__image-background wp-image-56 size-large\" alt=\"\" src=\"https:\/\/pouponnerendouceur.fr\/wp-content\/uploads\/2025\/12\/C46A7755-1-1024x683.jpg\" style=\"object-position:55% 65%\" data-object-fit=\"cover\" data-object-position=\"55% 65%\" srcset=\"https:\/\/pouponnerendouceur.fr\/wp-content\/uploads\/2025\/12\/C46A7755-1-1024x683.jpg 1024w, https:\/\/pouponnerendouceur.fr\/wp-content\/uploads\/2025\/12\/C46A7755-1-300x200.jpg 300w, https:\/\/pouponnerendouceur.fr\/wp-content\/uploads\/2025\/12\/C46A7755-1-768x512.jpg 768w, https:\/\/pouponnerendouceur.fr\/wp-content\/uploads\/2025\/12\/C46A7755-1-1536x1024.jpg 1536w, https:\/\/pouponnerendouceur.fr\/wp-content\/uploads\/2025\/12\/C46A7755-1-2048x1365.jpg 2048w\" sizes=\"auto, (max-width: 1024px) 100vw, 1024px\" \/><span aria-hidden=\"true\" class=\"wp-block-cover__background has-background-dim-0 has-background-dim\" style=\"background-color:#e9ceb0\"><\/span><div class=\"wp-block-cover__inner-container has-global-padding is-layout-constrained wp-container-core-cover-is-layout-d4c6b484 wp-block-cover-is-layout-constrained\">\n<div style=\"height:150px\" aria-hidden=\"true\" class=\"wp-block-spacer\"><\/div>\n\n\n\n<h1 class=\"wp-block-heading has-text-align-center has-text-color has-link-color has-suranna-font-family wp-elements-d023799173c6069e65162ba233c40c2c\" style=\"color:#ffffff;font-size:clamp(38.682px, 2.418rem + ((1vw - 3.2px) * 3.786), 72px);font-style:normal;font-weight:500\"><\/h1>\n<\/div><\/div>\n\n\n\n<section class=\"wp-block-group alignfull has-global-padding is-content-justification-right is-layout-constrained wp-container-core-group-is-layout-dbcdc7d5 wp-block-group-is-layout-constrained\" style=\"margin-top:0px;padding-top:6rem;padding-right:1rem;padding-bottom:5rem;padding-left:1rem;font-size:clamp(0.875rem, 0.875rem + ((1vw - 0.2rem) * 0.464), 1.13rem);font-style:normal;font-weight:400;line-height:1.4\">\n<figure class=\"wp-block-image aligncenter size-full has-custom-border\"><img loading=\"lazy\" decoding=\"async\" width=\"2560\" height=\"1706\" src=\"https:\/\/pouponnerendouceur.fr\/wp-content\/uploads\/2025\/12\/C46A7609-1-scaled.jpg\" alt=\"\" class=\"wp-image-52\" style=\"border-radius:33px;aspect-ratio:1;object-fit:cover\" srcset=\"https:\/\/pouponnerendouceur.fr\/wp-content\/uploads\/2025\/12\/C46A7609-1-scaled.jpg 2560w, https:\/\/pouponnerendouceur.fr\/wp-content\/uploads\/2025\/12\/C46A7609-1-300x200.jpg 300w, https:\/\/pouponnerendouceur.fr\/wp-content\/uploads\/2025\/12\/C46A7609-1-1024x683.jpg 1024w, https:\/\/pouponnerendouceur.fr\/wp-content\/uploads\/2025\/12\/C46A7609-1-768x512.jpg 768w, https:\/\/pouponnerendouceur.fr\/wp-content\/uploads\/2025\/12\/C46A7609-1-1536x1024.jpg 1536w, https:\/\/pouponnerendouceur.fr\/wp-content\/uploads\/2025\/12\/C46A7609-1-2048x1365.jpg 2048w\" sizes=\"auto, (max-width: 2560px) 100vw, 2560px\" \/><\/figure>\n\n\n\n<div class=\"wp-block-columns is-layout-flex wp-container-core-columns-is-layout-03ad6a19 wp-block-columns-is-layout-flex\" style=\"margin-bottom:0px\">\n<div class=\"wp-block-column is-vertically-aligned-center is-layout-flow wp-block-column-is-layout-flow\" style=\"flex-basis:50%\"><\/div>\n<\/div>\n<\/section>\n\n\n\n<div class=\"wp-block-cover alignfull is-light\" style=\"padding-top:6rem;padding-bottom:6rem\"><span aria-hidden=\"true\" class=\"wp-block-cover__background has-background-dim-10 has-background-dim\" style=\"background-color:#e27013\"><\/span><div class=\"wp-block-cover__inner-container has-global-padding is-layout-constrained wp-container-core-cover-is-layout-5cbdda46 wp-block-cover-is-layout-constrained\">\n<h2 class=\"wp-block-heading has-text-align-center has-text-color has-link-color has-suranna-font-family wp-elements-1b4fb167830cdb47f1c227cff43d1698\" style=\"color:#000000;font-size:clamp(24.034px, 1.502rem + ((1vw - 3.2px) * 1.814), 40px);font-style:normal;font-weight:500;letter-spacing:1px\">Je suis Jennifer,<\/h2>\n\n\n\n<p class=\"has-text-align-center has-text-color has-link-color wp-elements-330c4107e8de982e6a38a085e7a9a0da\" style=\"color:#000000;font-size:clamp(14px, 0.875rem + ((1vw - 3.2px) * 0.455), 18px);\">Avant tout Maman de deux petits gar\u00e7ons, passionn\u00e9e par le monde de la parentalit\u00e9 et du tout-petit.<br>J\u2019aime autant les dimanches en famille \u00e0 p\u00e2tisser ensemble que partir \u00e0 l\u2019aventure lors de road-trips en France ou ailleurs, des moments simples et pr\u00e9cieux qui nourrissent mon quotidien.<\/p>\n\n\n\n<p>Auxiliaire de pu\u00e9riculture depuis plus de 10 ans, j\u2019ai exerc\u00e9 en suite de couches pathologiques \u00e0 l\u2019h\u00f4pital de Villeneuve-Saint-Georges, o\u00f9 j\u2019ai d\u00e9velopp\u00e9 de solides comp\u00e9tences en soins p\u00e9rinataux et en accompagnement des parents dans des moments souvent intenses et charg\u00e9s d\u2019\u00e9motions.<\/p>\n\n\n\n<p>Anim\u00e9e par le d\u00e9sir d\u2019aller encore plus loin dans le soutien aux familles, je suis certifi\u00e9e consultante en lactation IBCLC depuis un an. J\u2019accompagne aujourd\u2019hui les parents lors de consultations de lactation, thalasso bain b\u00e9b\u00e9, portage b\u00e9b\u00e9 et massage b\u00e9b\u00e9.<\/p>\n\n\n\n<p>Depuis l\u2019ouverture de mon cabinet <strong>Pouponner en douceurs<\/strong>, je continue \u00e9galement d\u2019exercer ponctuellement dans diff\u00e9rents h\u00f4pitaux, en maternit\u00e9, en n\u00e9onatologie ou en suite de couches.<br>Chaque accompagnement est pour moi une rencontre unique, bas\u00e9e sur l\u2019\u00e9coute, la bienveillance et le respect du rythme de chaque famille.<\/p>\n\n\n\n<p class=\"has-text-align-center has-text-color has-link-color wp-elements-520d42a7d5c377bea6c48297193bc450\" style=\"color:#000000;font-size:clamp(14px, 0.875rem + ((1vw - 3.2px) * 0.455), 18px);\">Mon souhait : vous accompagner avec douceur, confiance et professionnalisme dans vos premiers pas de parents.<\/p>\n\n\n\n<div class=\"wp-block-buttons is-horizontal is-content-justification-center is-layout-flex wp-container-core-buttons-is-layout-bb07f847 wp-block-buttons-is-layout-flex\" style=\"margin-top:30px\">\n<div class=\"wp-block-button has-custom-width wp-block-button__width-25 is-style-fill\"><a class=\"wp-block-button__link has-text-color has-background has-pontano-sans-font-family has-custom-font-size wp-element-button\" href=\"https:\/\/pouponnerendouceur.fr\/?page_id=16\" style=\"border-style:none;border-width:0px;border-radius:0rem;color:#fffffd;background-color:#e27013;padding-top:0.71rem;padding-right:0.31rem;padding-bottom:0.71rem;padding-left:0.31rem;font-size:clamp(0.875rem, 0.875rem + ((1vw - 0.2rem) * 0.245), 1.01rem);font-style:normal;font-weight:600;letter-spacing:1px;line-height:1.5;text-transform:uppercase\">Contactez-moi !<\/a><\/div>\n<\/div>\n<\/div><\/div>\n\n\n\n<section class=\"wp-block-group alignfull has-global-padding is-layout-constrained wp-container-core-group-is-layout-8202059b wp-block-group-is-layout-constrained\" style=\"margin-top:0px;padding-top:6rem;padding-right:1rem;padding-bottom:6rem;padding-left:1rem;font-size:clamp(0.875rem, 0.875rem + ((1vw - 0.2rem) * 0.464), 1.13rem);font-style:normal;font-weight:400;line-height:1.4\">\n<div class=\"wp-block-columns is-layout-flex wp-container-core-columns-is-layout-03ad6a19 wp-block-columns-is-layout-flex\" style=\"margin-bottom:0px\">\n<div class=\"wp-block-column is-vertically-aligned-center has-global-padding is-layout-constrained wp-container-core-column-is-layout-c4a7d96a wp-block-column-is-layout-constrained\" style=\"flex-basis:50%\">\n<h3 class=\"wp-block-heading has-text-align-left has-text-color has-suranna-font-family\" style=\"color:#010101;margin-top:0.5rem;margin-bottom:0rem;font-size:clamp(24.034px, 1.502rem + ((1vw - 3.2px) * 1.814), 40px);font-style:normal;font-weight:500;letter-spacing:0px;line-height:1.3\">Immortalisez ces instants<\/h3>\n\n\n\n<p class=\"has-text-align-left has-text-color has-pontano-sans-font-family\" style=\"color:#010101;margin-top:20px;margin-bottom:20px;font-size:clamp(14px, 0.875rem + ((1vw - 3.2px) * 0.455), 18px);font-style:normal;font-weight:400;line-height:1.5\">Parce que certains instants m\u00e9ritent d\u2019\u00eatre grav\u00e9s \u00e0 jamais, je travaille \u00e9galement en collaboration avec un photographe professionnel. Cette alliance me permet de vous proposer l\u2019immortalisation de moments pr\u00e9cieux tels que le thalasso bain b\u00e9b\u00e9, mais aussi des instants de vie authentiques comme l\u2019allaitement, r\u00e9alis\u00e9s au cabinet ou \u00e0 votre domicile, dans une atmosph\u00e8re douce, intime et respectueuse.<\/p>\n\n\n\n<div class=\"wp-block-buttons is-horizontal is-content-justification-left is-layout-flex wp-container-core-buttons-is-layout-2c34cf1c wp-block-buttons-is-layout-flex\" style=\"margin-top:0.51rem\">\n<div class=\"wp-block-button has-custom-width wp-block-button__width-50 is-style-fill\"><a class=\"wp-block-button__link has-text-color has-background has-pontano-sans-font-family has-custom-font-size wp-element-button\" href=\"https:\/\/www.instagram.com\/aq_photographie\/\" style=\"border-style:none;border-width:0px;border-radius:0rem;color:#fffffd;background-color:#e27013;padding-top:0.71rem;padding-right:0.31rem;padding-bottom:0.71rem;padding-left:0.31rem;font-size:clamp(0.875rem, 0.875rem + ((1vw - 0.2rem) * 0.245), 1.01rem);font-style:normal;font-weight:600;letter-spacing:1px;line-height:1.5;text-transform:uppercase\" target=\"_blank\" rel=\"noopener\">iNSTA DU pHOTOGRAPHE<\/a><\/div>\n<\/div>\n<\/div>\n\n\n\n<div class=\"wp-block-column is-vertically-aligned-center is-layout-flow wp-block-column-is-layout-flow\" style=\"flex-basis:50%\">\n<figure class=\"wp-block-image alignright size-full has-custom-border\"><img loading=\"lazy\" decoding=\"async\" width=\"1707\" height=\"2560\" src=\"https:\/\/pouponnerendouceur.fr\/wp-content\/uploads\/2025\/12\/C46A5733-scaled.jpg\" alt=\"\" class=\"wp-image-54\" style=\"border-style:none;border-width:0px;border-radius:30px;aspect-ratio:1;object-fit:cover\" srcset=\"https:\/\/pouponnerendouceur.fr\/wp-content\/uploads\/2025\/12\/C46A5733-scaled.jpg 1707w, https:\/\/pouponnerendouceur.fr\/wp-content\/uploads\/2025\/12\/C46A5733-200x300.jpg 200w, https:\/\/pouponnerendouceur.fr\/wp-content\/uploads\/2025\/12\/C46A5733-683x1024.jpg 683w, https:\/\/pouponnerendouceur.fr\/wp-content\/uploads\/2025\/12\/C46A5733-768x1152.jpg 768w, https:\/\/pouponnerendouceur.fr\/wp-content\/uploads\/2025\/12\/C46A5733-1024x1536.jpg 1024w, https:\/\/pouponnerendouceur.fr\/wp-content\/uploads\/2025\/12\/C46A5733-1365x2048.jpg 1365w\" sizes=\"auto, (max-width: 1707px) 100vw, 1707px\" \/><\/figure>\n<\/div>\n<\/div>\n<\/section>\n\n\n\n<section class=\"wp-block-cover alignfull is-light\" style=\"margin-top:0px;padding-top:1.01rem;padding-bottom:1.01rem;min-height:430px;aspect-ratio:unset;\"><img loading=\"lazy\" decoding=\"async\" width=\"1024\" height=\"683\" class=\"wp-block-cover__image-background wp-image-57 size-large\" alt=\"\" src=\"https:\/\/pouponnerendouceur.fr\/wp-content\/uploads\/2025\/12\/C46A6577-1-1024x683.jpg\" data-object-fit=\"cover\" srcset=\"https:\/\/pouponnerendouceur.fr\/wp-content\/uploads\/2025\/12\/C46A6577-1-1024x683.jpg 1024w, https:\/\/pouponnerendouceur.fr\/wp-content\/uploads\/2025\/12\/C46A6577-1-300x200.jpg 300w, https:\/\/pouponnerendouceur.fr\/wp-content\/uploads\/2025\/12\/C46A6577-1-768x512.jpg 768w, https:\/\/pouponnerendouceur.fr\/wp-content\/uploads\/2025\/12\/C46A6577-1-1536x1024.jpg 1536w, https:\/\/pouponnerendouceur.fr\/wp-content\/uploads\/2025\/12\/C46A6577-1-2048x1365.jpg 2048w\" sizes=\"auto, (max-width: 1024px) 100vw, 1024px\" \/><span aria-hidden=\"true\" class=\"wp-block-cover__background has-background-dim-0 has-background-dim\" style=\"background-color:#edf1f2\"><\/span><div class=\"wp-block-cover__inner-container has-global-padding is-layout-constrained wp-container-core-cover-is-layout-b1bebcb3 wp-block-cover-is-layout-constrained\">\n<div class=\"wp-block-group has-text-color is-layout-flow wp-block-group-is-layout-flow\" style=\"color:#fffffd;margin-top:0px;padding-top:0rem;padding-right:1rem;padding-bottom:0rem;padding-left:1rem;font-size:clamp(0.875rem, 0.875rem + ((1vw - 0.2rem) * 0.464), 1.13rem);font-style:normal;font-weight:400;line-height:1.4\">\n<div class=\"wp-block-group has-global-padding is-layout-constrained wp-container-core-group-is-layout-bdbfdc43 wp-block-group-is-layout-constrained\">\n<p class=\"has-text-align-center has-text-color\" style=\"color:#958b7e;margin-bottom:0rem;font-size:clamp(1.507rem, 1.507rem + ((1vw - 0.2rem) * 1.824), 2.51rem);font-style:normal;font-weight:400;line-height:1.2\">Parce que les plus beaux cadeaux ne s\u2019emballent pas, ils se vivent\u2026 et se partagent sur une liste de naissance. <\/p>\n<\/div>\n\n\n\n<div class=\"wp-block-group is-vertical is-content-justification-stretch is-layout-flex wp-container-core-group-is-layout-bfdebe91 wp-block-group-is-layout-flex\" style=\"margin-top:1.81rem;padding-right:0px;padding-left:0px\">\n<div class=\"wp-block-group has-global-padding is-content-justification-center is-layout-constrained wp-container-core-group-is-layout-2f0bcb29 wp-block-group-is-layout-constrained\" style=\"margin-top:0px\">\n<div class=\"wp-block-buttons is-horizontal is-content-justification-right is-layout-flex wp-container-core-buttons-is-layout-099266fd wp-block-buttons-is-layout-flex\" style=\"margin-top:0.51rem\">\n<div class=\"wp-block-button has-custom-width wp-block-button__width-100 is-style-fill\"><a class=\"wp-block-button__link has-text-color has-background has-custom-font-size wp-element-button\" href=\"https:\/\/pouponnerendouceur.fr\/?page_id=16\" style=\"border-style:none;border-width:0px;border-radius:0rem;color:#fffffd;background-color:#e27013;padding-top:0.71rem;padding-right:0.31rem;padding-bottom:0.71rem;padding-left:0.31rem;font-size:clamp(0.875rem, 0.875rem + ((1vw - 0.2rem) * 0.245), 1.01rem);font-style:normal;font-weight:600;line-height:1.5;text-transform:uppercase\">Offrez une carte cadeau<\/a><\/div>\n<\/div>\n<\/div>\n<\/div>\n<\/div>\n<\/div><\/section>\n\n\n\n<p class=\"has-text-color has-link-color wp-elements-15e2a00296e75001c55c49b04abcb7f7\" style=\"color:#bd0909\"><\/p>\n\n\n\n<p><\/p>\n","protected":false},"excerpt":{"rendered":"<p>Immortalisez ces instants Parce que certains instants m\u00e9ritent d\u2019\u00eatre grav\u00e9s \u00e0 jamais, je travaille \u00e9galement en collaboration avec un photographe professionnel. Cette alliance me permet de vous proposer l\u2019immortalisation de moments pr\u00e9cieux tels que le thalasso bain b\u00e9b\u00e9, mais aussi des instants de vie authentiques comme l\u2019allaitement, r\u00e9alis\u00e9s au cabinet ou \u00e0 votre domicile, dans [&hellip;]<\/p>\n","protected":false},"author":1,"featured_media":0,"parent":0,"menu_order":0,"comment_status":"closed","ping_status":"closed","template":"","meta":{"footnotes":""},"class_list":["post-12","page","type-page","status-publish","hentry"],"_links":{"self":[{"href":"https:\/\/pouponnerendouceur.fr\/index.php?rest_route=\/wp\/v2\/pages\/12","targetHints":{"allow":["GET"]}}],"collection":[{"href":"https:\/\/pouponnerendouceur.fr\/index.php?rest_route=\/wp\/v2\/pages"}],"about":[{"href":"https:\/\/pouponnerendouceur.fr\/index.php?rest_route=\/wp\/v2\/types\/page"}],"author":[{"embeddable":true,"href":"https:\/\/pouponnerendouceur.fr\/index.php?rest_route=\/wp\/v2\/users\/1"}],"replies":[{"embeddable":true,"href":"https:\/\/pouponnerendouceur.fr\/index.php?rest_route=%2Fwp%2Fv2%2Fcomments&post=12"}],"version-history":[{"count":10,"href":"https:\/\/pouponnerendouceur.fr\/index.php?rest_route=\/wp\/v2\/pages\/12\/revisions"}],"predecessor-version":[{"id":188,"href":"https:\/\/pouponnerendouceur.fr\/index.php?rest_route=\/wp\/v2\/pages\/12\/revisions\/188"}],"wp:attachment":[{"href":"https:\/\/pouponnerendouceur.fr\/index.php?rest_route=%2Fwp%2Fv2%2Fmedia&parent=12"}],"curies":[{"name":"wp","href":"https:\/\/api.w.org\/{rel}","templated":true}]}}