{"id":157,"date":"2025-12-24T08:17:11","date_gmt":"2025-12-24T07:17:11","guid":{"rendered":"https:\/\/pouponnerendouceur.fr\/?page_id=157"},"modified":"2025-12-24T08:17:12","modified_gmt":"2025-12-24T07:17:12","slug":"mentions-legales-cgv-pouponner-en-douceur","status":"publish","type":"page","link":"https:\/\/pouponnerendouceur.fr\/?page_id=157","title":{"rendered":"Mentions l\u00e9gales \u2013 CGV | Pouponner en douceur"},"content":{"rendered":"\n<h3 class=\"wp-block-heading\">Mentions l\u00e9gales li\u00e9es aux Conditions G\u00e9n\u00e9rales de Vente<\/h3>\n\n\n\n<p>Les pr\u00e9sentes Conditions G\u00e9n\u00e9rales de Vente (CGV) sont applicables aux prestations propos\u00e9es par <strong>Pouponner en douceur<\/strong>, exerc\u00e9e par Jennifer, consultante en lactation IBCLC et professionnelle de la petite enfance.<\/p>\n\n\n\n<p><strong>\u00c9diteur du site et responsable de publication<\/strong><br>Pouponner en douceur<br>Responsable : Jennifer<br>Statut : Entreprise individuelle<br>Activit\u00e9 : Consultations d\u2019allaitement IBCLC et accompagnement p\u00e9rinatal<\/p>\n\n\n\n<p><strong>H\u00e9bergement du site<\/strong><br>Le site est h\u00e9berg\u00e9 par :<br><strong>OVH SAS<\/strong><br>2 rue Kellermann<br>59100 Roubaix \u2013 France<br>T\u00e9l\u00e9phone : 1007<br>Site internet : <a>www.ovhcloud.com<\/a><\/p>\n\n\n\n<p>L\u2019acc\u00e8s au site et l\u2019utilisation des services propos\u00e9s impliquent l\u2019acceptation pleine et enti\u00e8re des pr\u00e9sentes Conditions G\u00e9n\u00e9rales de Vente.<\/p>\n","protected":false},"excerpt":{"rendered":"<p>Mentions l\u00e9gales li\u00e9es aux Conditions G\u00e9n\u00e9rales de Vente Les pr\u00e9sentes Conditions G\u00e9n\u00e9rales de Vente (CGV) sont applicables aux prestations propos\u00e9es par Pouponner en douceur, exerc\u00e9e par Jennifer, consultante en lactation IBCLC et professionnelle de la petite enfance. \u00c9diteur du site et responsable de publicationPouponner en douceurResponsable : JenniferStatut : Entreprise individuelleActivit\u00e9 : Consultations d\u2019allaitement IBCLC [&hellip;]<\/p>\n","protected":false},"author":1,"featured_media":0,"parent":0,"menu_order":0,"comment_status":"closed","ping_status":"closed","template":"","meta":{"footnotes":""},"class_list":["post-157","page","type-page","status-publish","hentry"],"_links":{"self":[{"href":"https:\/\/pouponnerendouceur.fr\/index.php?rest_route=\/wp\/v2\/pages\/157","targetHints":{"allow":["GET"]}}],"collection":[{"href":"https:\/\/pouponnerendouceur.fr\/index.php?rest_route=\/wp\/v2\/pages"}],"about":[{"href":"https:\/\/pouponnerendouceur.fr\/index.php?rest_route=\/wp\/v2\/types\/page"}],"author":[{"embeddable":true,"href":"https:\/\/pouponnerendouceur.fr\/index.php?rest_route=\/wp\/v2\/users\/1"}],"replies":[{"embeddable":true,"href":"https:\/\/pouponnerendouceur.fr\/index.php?rest_route=%2Fwp%2Fv2%2Fcomments&post=157"}],"version-history":[{"count":1,"href":"https:\/\/pouponnerendouceur.fr\/index.php?rest_route=\/wp\/v2\/pages\/157\/revisions"}],"predecessor-version":[{"id":158,"href":"https:\/\/pouponnerendouceur.fr\/index.php?rest_route=\/wp\/v2\/pages\/157\/revisions\/158"}],"wp:attachment":[{"href":"https:\/\/pouponnerendouceur.fr\/index.php?rest_route=%2Fwp%2Fv2%2Fmedia&parent=157"}],"curies":[{"name":"wp","href":"https:\/\/api.w.org\/{rel}","templated":true}]}}